d by 2891?
35
Calculate the remainder when 22629 is divided by 22591.
38
Calculate the remainder when 6189 is divided by 6186.
3
Calculate the remainder when 1015 is divided by 64.
55
What is the remainder when 757 is divided by 730?
27
Calculate the remainder when 61542 is divided by 5592.
30
Calculate the remainder when 212143 is divided by 755.
743
What is the remainder when 2320674 is divided by 303?
300
Calculate the remainder when 28364 is divided by 1350.
14
Calculate the remainder when 4625 is divided by 660.
5
What is the remainder when 5585 is divided by 560?
545
Calculate the remainder when 18732 is divided by 18673.
59
Calculate the remainder when 449506 is divided by 1873.
1859
Calculate the remainder when 104810 is divided by 132.
2
What is the remainder when 776150 is divided by 1975?
1950
Calculate the remainder when 104064 is divided by 52023.
18
Calculate the remainder when 1482 is divided by 77.
19
Calculate the remainder when 1499577 is divided by 20.
17
Calculate the remainder when 9182 is divided by 35.
12
Calculate the remainder when 32499 is divided by 449.
171
What is the remainder when 993 is divided by 491?
11
Calculate the remainder when 38267 is divided by 4782.
11
Calculate the remainder when 48939 is divided by 4.
3
Calculate the remainder when 2014 is divided by 758.
498
What is the remainder when 20079 is divided by 5016?
15
Calculate the remainder when 503734 is divided by 556.
554
What is the remainder when 2110533 is divided by 13?
9
What is the remainder when 51561 is divided by 307?
292
Calculate the remainder when 3830 is divided by 842.
462
What is the remainder when 8575 is divided by 166?
109
What is the remainder when 191032 is divided by 95506?
20
Calculate the remainder when 11735 is divided by 286.
9
What is the remainder when 204530 is divided by 544?
530
What is the remainder when 946 is divided by 12?
10
Calculate the remainder when 3927 is divided by 783.
12
Calculate the remainder when 10923 is divided by 59.
8
What is the remainder when 10394 is divided by 2552?
186
Calculate the remainder when 44835 is divided by 2801.
19
Calculate the remainder when 18506 is divided by 31.
30
Calculate the remainder when 14032 is divided by 4320.
1072
Calculate the remainder when 80114 is divided by 80113.
1
What is the remainder when 516830 is divided by 54?
50
Calculate the remainder when 13880 is divided by 87.
47
What is the remainder when 245363 is divided by 81784?
11
Calculate the remainder when 70212 is divided by 155.
152
Calculate the remainder when 53001 is divided by 53.
1
Calculate the remainder when 1547 is divided by 56.
35
What is the remainder when 1266 is divided by 413?
27
What is the remainder when 15714 is divided by 23?
5
What is the remainder when 1320 is divided by 206?
84
What is the remainder when 25836 is divided by 243?
78
What is the remainder when 4044 is divided by 285?
54
What is the remainder when 31229 is divided by 4456?
37
Calculate the remainder when 17640 is divided by 7849.
1942
What is the remainder when 10045 is divided by 43?
26
Calculate the remainder when 27651 is divided by 13820.
11
What is the remainder when 38340 is divided by 106?
74
What is the remainder when 70837 is divided by 28?
25
Calculate the remainder when 623 is divided by 1.
0
Calculate the remainder when 32051 is divided by 566.
355
What is the remainder when 4583 is divided by 1519?
26
Calculate the remainder when 362248 is divided by 17.
12
What is the remainder when 3501 is divided by 1140?
81
Calculate the remainder when 20078 is divided by 3346.
2
Calculate the remainder when 36260 is divided by 635.
65
What is the remainder when 12847 is divided by 42?
37
Calculate the remainder when 589128 is divided by 10.
8
Calculate the remainder when 668 is divided by 537.
131
What is the remainder when 5069 is divided by 5017?
52
What is the remainder when 9778 is divided by 134?
130
What is the remainder when 2008106 is divided by 172?
6
Calculate the remainder when 3267 is divided by 794.
91
What is the remainder when 24608 is divided by 24604?
4
Calculate the remainder when 195014 is divided by 270.
74
What is the remainder when 22423 is divided by 22?
5
What is the remainder when 38721 is divided by 19340?
41
What is the remainder when 24077 is divided by 1045?
42
What is the remainder when 574215 is divided by 1450?
15
Calculate the remainder when 4361 is divided by 934.
625
Calculate the remainder when 103225 is divided by 279.
274
Calculate the remainder when 218810 is divided by 235.
25
What is the remainder when 239400 is divided by 1151?
1143
Calculate the remainder when 5730 is divided by 138.
72
Calculate the remainder when 2853416 is divided by 26.
20
What is the remainder when 27563 is divided by 782?
193
What is the remainder when 265306 is divided by 89?
86
What is the remainder when 3494 is divided by 576?
38
Calculate the remainder when 14401 is divided by 271.
38
Calculate the remainder when 58383 is divided by 1025.
983
What is the remainder when 159625 is divided by 41?
12
What is the remainder when 45148 is divided by 32?
28
What is the remainder when 112418 is divided by 55?
53
Calculate the remainder when 102238 is divided by 80.
78
Calculate the remainder when 141049 is divided by 350.
349
Calculate the remainder when 987632 is divided by 676.
672
Calculate the remainder when 187933 is divided by 159.
154
What is the remainder when 55049 is divided by 933?
2
Calculate the remainder when 3787 is divided by 175.
112
What is the remainder when 4071 is divided by 1927?
217
What is the remainder when 8282 is divided by 435?
17
What is the remainder when 11021 is divided by 424?
421
What is the remainder when 163376 is divided by 9?
8
Calculate the remainder when 163844 is divided by 99.
98
Calculate the remainder when 800 is divided by 755.
45
What is the remainder when 10887 is divided by 121?
118
Calculate the remainder when 32920 is divided by 433.
12
What is the remainder when 714861 is divided by 507?
498
Calculate the remainder when 192 is divided by 163.
29
What is the remainder when 4231 is divided by 58?
55
Calculate the remainder when 1220 is divided by 94.
92
What is the remainder when 2465 is divided by 2447?
18
Calculate the remainder when 9297 is divided by 450.
297
What is the remainder when 1257650 is divided by 404?
402
What is the remainder when 457169 is divided by 105?
104
What is the remainder when 1177 is divided by 489?
199
What is the remainder when 3469 is divided by 39?
37
What is the remainder when 6960 is divided by 771?
21
Calculate the remainder when 128242 is divided by 8015.
2
Calculate the remainder when 12440 is divided by 28.
8
Calculate the remainder when 1748 is divided by 1477.
271
What is the remainder when 23659 is divided by 2150?
9
Calculate the remainder when 35887 is divided by 5116.
75
What is the remainder when 637064 is divided by 117?
116
Calculate the remainder when 52322 is divided by 10454.
52
What is the remainder when 120421 is divided by 120305?
116
What is the remainder when 14831 is divided by 870?
41
Calculate the remainder when 35523 is divided by 11841.
0
What is the remainder when 71910 is divided by 41?
37
What is the remainder when 8390 is divided by 21?
11
What is the remainder when 48248 is divided by 175?
123
What is the remainder when 3216 is divided by 536?
0
What is the remainder when 882 is divided by 418?
46
What is the remainder when 4991 is divided by 718?
683
Calculate the remainder when 3303 is divided by 651.
48
What is the remainder when 35442 is divided by 11794?
60
What is the remainder when 420640 is divided by 16?
0
Calculate the remainder when 4238 is divided by 60.
38
What is the remainder when 20227 is divided by 6030?
2137
Calculate the remainder when 1020 is divided by 516.
504
What is the remainder when 17541 is divided by 30?
21
Calculate the remainder when 1101547 is divided by 6.
1
What is the remainder when 1691 is divided by 533?
92
Calculate the remainder when 205656 is divided by 14.
10
What is the remainder when 41817 is divided by 85?
82
Calculate the remainder when 14002573 is divided by 868.
865
Calculate the remainder when 125164 is divided by 138.
136
Calculate the remainder when 